ative of 0 + v*y**5 + 1/120*y**6 - 1/12*y**4 - 2/3*y**3 - y**2 + 0*y. Determine n(-4).
4
Let g(c) = -2*c**2 + 3*c - 1. Let n be (2/4)/((-2)/24). Let w be (-8)/(-3) + (-2)/n. Determine g(w).
-10
Let o(d) = 3*d - 5. Let v be o(3). Let r(a) = -a**2 + 4*a - 5. Determine r(v).
-5
Suppose 2*r + 6 = 5*p - 4*p, r = 4*p - 3. Let k = -8 - r. Let m(u) = -u - 10. Give m(k).
-5
Let v(g) = 9*g**2 + 1. Let i(p) = -35*p**2 - 4. Let b(y) = 2*i(y) + 9*v(y). What is b(1)?
12
Suppose -4*m + 2*n = 20, -3*n + 8 = 4*m + 28. Let k(r) be the third derivative of -r**4/24 - r**3 - r**2. What is k(m)?
-1
Suppose 5*a = -3*j + 2*j - 22, -3*a = -5*j + 30. Let g(n) = n**3 + 4*n**2 - 8*n - 6. What is g(a)?
9
Let m(v) be the second derivative of v**3/6 + v. Let g(b) = 3*b - 1. Let c(y) = g(y) - 6*m(y). Suppose 16 = 10*k - 14*k. Determine c(k).
11
Let n(c) = -3 + 5*c + 4*c**2 + 3*c - 12*c - 3*c**2. What is n(5)?
2
Let v(x) be the first derivative of 1/3*x**3 + x**2 - 3 + 4*x. Give v(-3).
7
Let t = 9 - 8. Let f(o) = o. Calculate f(t).
1
Suppose 3*r + 5*i = -16, 2*i + 1 + 13 = -5*r. Let a(w) be the third derivative of w**5/30 + w**4/12 - 5*w**2. Calculate a(r).
4
Suppose -2*o + o = -k - 8, -4 = -3*o - k. Suppose 6 = -m - o*y, -9 + 3 = m - 3*y. Let p(s) = s**3 + 6*s**2 - 2*s - 8. Determine p(m).
4
Let h(i) = i**3 + 7*i**2 + 5*i - 5. Let v be 38/4 + 3/6. Let k = 15 - v. Suppose 14 = -k*b - 16. Give h(b).
1
Let z(f) = f**2 - 2*f - 4. Let k be z(3). Suppose -7*c = -11*c + 8. Let s be (k/(-3))/(c/30). Let p(m) = -m**2 + 6*m - 7. What is p(s)?
-2
Let r = 69 + -74. Let n(j) = -2*j - 7. What is n(r)?
3
Let a(b) = -13*b**3 - b**2 + b + 1. Let s(u) = u**3 - 2*u**2 - 4*u + 2. Let h be s(3). What is a(h)?
12
Let m be 3*((-1)/3)/1. Let w(y) = 36*y**3 + 13*y**2 + 9*y + 9. Let d(a) = -9*a**3 - 3*a**2 - 2*a - 2. Let l(z) = 9*d(z) + 2*w(z). What is l(m)?
8
Let g(a) be the third derivative of -a**4/24 + 6*a**2. Let l = 2 + 0. Suppose -3 = l*t - 13. Give g(t).
-5
Let y = -2 - -2. Suppose -k + 3*k = y. Let w(p) = 4*p + k*p - 2*p. What is w(1)?
2
Let q(m) = m**3 + 6*m**2 - 2*m - 9. Let s = 19 + -25. What is q(s)?
3
Let l(b) = -b**3 - 2*b**2 + 5*b + 2. Let t(h) = -2*h + 2. Let m be t(-2). Let o be 4/m - (-77)/(-21). Give l(o).
-4
Let w(g) = -5*g**2 - 3 - 2*g + g**3 - g + 3*g. Suppose q + u + 37 = 6*q, 5*q = -u + 43. Let s = 13 - q. Give w(s).
-3
Let u(t) = -2*t - 2. Let c = 1 + -1. Let k(i) = i**3 - 2*i**2 + 1. Let h be k(3). Suppose c = 5*o - 5 - h. Calculate u(o).
-8
Let o(v) = -7*v - 3. Let k(h) = 13*h + 6. Let x(j) = 6*k(j) + 11*o(j). Suppose -9 = 2*w - 3. What is x(w)?
0
Suppose 5*j = 3*f + 4, -f - 5*j + 10 + 2 = 0. Suppose -5*o + 4*m = -12, 0 = -f*o + 5*o - 3*m - 6. Let b(d) = -3 + 2 + 2 - 2*d. Determine b(o).
-7
Let d(h) be the first derivative of -h**4/4 + 2*h**3/3 - h**2 - 2*h - 1. What is d(2)?
-6
Let f(a) = 5*a + 3. Let g = -9 - -7. Give f(g).
-7
Let m(g) be the third derivative of g**4/24 + g**3/3 + g**2. Let b(a) = 2*a + 5. Let n(y) = 3*b(y) - 5*m(y). Determine n(-4).
1
Let m(i) be the third derivative of i**6/120 - i**5/12 + i**4/6 + 2*i**3/3 + 5*i**2. Let g = 7 - 11. Let a = 0 - g. Give m(a).
4
Suppose -8 = -z + 2*r, z - 2*r + 22 = 5*z. Let t(o) = -o**3 - 3*o**2 + 2*o + 7. Let i(l) = 1. Let j(q) = z*i(q) - t(q). Calculate j(2).
15
Let k(a) be the second derivative of a**6/360 - 5*a**4/12 - 3*a. Let w(f) be the third derivative of k(f). Determine w(2).
4
Let u be (1 - (3 - 2))/2. Let k(y) = -3*y + u*y**3 - y**3 - 3 + 2*y**2 + 0*y**3 + 6*y. Let n be k(3). Let h(l) = l**3 + 4*l**2 + 2*l + 2. What is h(n)?
5
Let k(b) = 4*b**3 + 2*b**2 + 2*b - 1. Let t(n) = -15*n**3 - 9*n**2 - 8*n + 4. Let m(h) = -9*k(h) - 2*t(h). What is m(1)?
-7
Let c = 2 + 1. Let l(n) = c - 6*n - 2*n**3 + n**3 + 0*n**2 - 7*n**2 - 1. Calculate l(-6).
2
Let i(r) = -6*r**2. Let v = 7 + -6. Let g be v*((-9)/3 - -2). What is i(g)?
-6
Let n(a) = -a**3 - a**2 - 2. Let s = -9 + 11. Let h = s + 0. What is n(h)?
-14
Let g(j) = -3*j + 4. Let u be (10/(-15))/(1/(-6)). Calculate g(u).
-8
Let p(w) = w - 8. Let a be 2/(-10) - 2/10*-1. Give p(a).
-8
Let t = 1 - -1. Let j be 1 + 2 + -5 + t. Let d(n) = 5*n + j + n**2 - 2 - 5. Calculate d(-5).
-7
Let y(h) = h**2 - 7*h. Suppose 0 = -2*u + 4*v - 8, 4*u + v - 39 = -10. Calculate y(u).
-6
Let q be 2/(3 - 1)*-1. Let z(n) = n**2 - 5*n - 9. Let l be z(7). Let b(h) = 6*h**3 - l*h**3 + 5*h**3 - h. Give b(q).
-5
Let r(h) = -h**2 - 6*h + 6. Let x be r(-7). Let i(f) be the first derivative of 7*f**3/3 - 1. Determine i(x).
7
Let j(x) = -3*x**3 - x**2 + x - 1. Let v(w) = -w. Let d be (-6 - -8)*(2 + -1). Let r be v(d). Determine j(r).
17
Let x(p) = -p**3 - 5*p**2 + p + 7. Let k be x(-5). Suppose 4*c + 8 = 3*m - 11, 3*c + 13 = k*m. Let f(y) = -y + 2. Give f(m).
-3
Let k(r) = r - 3. Let g(h) = 2*h**2 + 4*h - 2. Let j be g(1). What is k(j)?
1
Let t(j) = -11*j + 1. Let i = -3 - -2. Calculate t(i).
12
Let r be 3/(9/6*6/15). Let j(w) = 2*w**2 - 6*w - 5. What is j(r)?
15
Let x(v) = v**3 + 7*v**2 - 4. Let w be x(-7). Let l(f) = f**2 + 4*f + 5. Let b be l(w). Let r = 5 - b. Let q(d) = -d**2 - 4. Calculate q(r).
-4
Suppose 0 = -g - 3*c + 7*c - 9, 4*c - 3 = 3*g. Let l(r) be the second derivative of r**5/20 - r**4/6 - r**3/3 - r**2 - 7*r. Calculate l(g).
1
Let h(b) = b**3 + 4*b - 1 + 4 - 104*b**2 + 109*b**2 + 2*b. Let d be (6/10 + -1)*10. Calculate h(d).
-5
Let z(n) = -n - 2. Suppose 13 = -5*c + 2*k, c + 2*k = -3*k - 8. Give z(c).
1
Let o(s) = -1. Let j(d) = -d**2 - 4*d - 6. Let k(m) = -j(m) + 4*o(m). Let v = 1 + 2. Suppose -v*q - 14 + 2 = 0. What is k(q)?
2
Let u(m) = 3*m**2 - 5*m + 2*m**3 - 4 - 6*m**2 - m**2 - 3*m**3. What is u(-3)?
2
Let d(l) = 49*l**3 + 6*l + 3 + 6*l**2 - 26*l**3 - 22*l**3. Calculate d(-5).
-2
Let z(p) = p. Let v(w) = -w - 17. Let c(y) = v(y) + 2*z(y). What is c(7)?
-10
Let s(d) = -2*d - 3. Suppose -3*h + 13 = -2. Suppose 15 = -h*m - 0*m. Determine s(m).
3
Let p(h) be the first derivative of h**4/4 + h**3/3 + h**2 + 2*h + 6. Calculate p(-2).
-6
Let v(l) = -4*l**2 + 8*l - 2. Let z(m) = -7*m**2 + 17*m - 5. Let k(x) = -5*v(x) + 3*z(x). Let s be k(11). Let a(o) = 2*o + o - 2*o + 2. What is a(s)?
-3
Let y(x) = 5*x. Let w(u) be the second derivative of 11/6*u**3 + u + 0 + 0*u**2. Let d(v) = -4*w(v) + 9*y(v). Give d(-1).
-1
Let x(n) be the first derivative of -n**3/3 + 5*n**2/2 - 56. Calculate x(7).
-14
Let o(r) = -r**3 + 4*r**2 - 1. Suppose 0 = -2*a - 2*f + 6*f + 6, -2*f = a - 3. Give o(a).
8
Suppose -17 - 9 = 5*n - 4*r, 4 = r. Let c(b) = -5*b. Calculate c(n).
10
Let t(b) = -2*b + 2*b - 6*b**3 - b + b**2 - 2 + 1. Calculate t(-1).
7
Let b be (-1 - -3)/(14/49). Let g(u) = u**2 - 9*u + 8. Determine g(b).
-6
Let v(h) = h. Let f be v(4). Let p(a) = -2*a - 8. Let y(j) = -3*j - 9. Let s(x) = -4*p(x) + 3*y(x). Give s(f).
1
Let h(s) = s**2 - 6*s + 1. Suppose 3*v - 3*n = 21, -5*v + 2*n = -0*v - 29. Determine h(v).
-4
Let k be 2/(((-16)/10)/(-4)). Suppose k*c - 8 = 22. Let t(h) = h**3 - 6*h**2 - 2*h. Determine t(c).
-12
Suppose -4*n = r - 8, 5*n = 4*r - 9*r + 25. Let c(a) = -a**3 + 3*a**2 + 3*a. Determine c(r).
-4
Suppose 0 = -3*h - 3*i - i - 5, 0 = 3*i - 3. Let s(w) = -w**2 - 7*w - 6. Let q be s(-6). Let t(n) = 2 + 0*n - 2*n - 3*n**2 + 2*n**2 + q. Calculate t(h).
-1
Let l be 5 - (2 + 3)/5. Let s(c) = c + 4. Determine s(l).
8
Suppose v = 4*q + 16, -2*q - q - 27 = 3*v. Let g = q - -4. Let d(o) be the first derivative of -o**3 + o**2/2 + o - 2. Calculate d(g).
-3
Let k(y) = -y**3 - y - 1. Let h(t) = -t**2 - 7. Let c(g) = -h(g) - k(g). Let d be (-1)/(-2) + (-7)/14. Calculate c(d).
8
Suppose 0 = -2*r - 4*o + 3*o + 5, -3*r + 1 = -5*o. Let j(b) = 4*b - 3. Determine j(r).
5
Let o(a) be the third derivative of a**4/8 + a**3 + 56*a**2. Determine o(-4).
-6
Let m(i) = -i**2 - 22*i + 55. Let x be m(-24). Let y(g) = 4*g - 7. Give y(x).
21
Let q(b) be the first derivative of 2 - 1/2*b**2 + 0*b**3 + 0*b + 3/2*b**4. Give q(1).
5
Let l = 3 - 0. Let c(n) = -3*n**3 + n**2 + n + 4*n**l + 4 + 2. Let v = 7 - 7. Determine c(v).
6
Let q(x) = -13*x**3 - x**2 + 1. Let s(f) = -f**3 - 24*f**2 - 24*f - 24. Let w be s(-23). Calculate q(w).
13
Let x(s) be the second derivative of -2/3*s**3 - 5/2*s**2 - 3*s + 0 + 1/12*s**4. Determine x(4).
-5
Let f be (147/(-14))/(1/(-2)). Let a(q) = 3*q**2 + 4*q - f + 28 - 4*q**2. Let l = -7 + 12. Calcula